{"id":3192,"date":"2017-01-25T19:27:45","date_gmt":"2017-01-25T18:27:45","guid":{"rendered":"http:\/\/www.wellenklaenge.at\/cpm-2\/"},"modified":"2021-06-08T18:20:29","modified_gmt":"2021-06-08T16:20:29","slug":"schallwellen-musikwerkstatt-2","status":"publish","type":"page","link":"http:\/\/2021.wellenklaenge.at\/en\/schallwellen-musikwerkstatt-2\/","title":{"rendered":"Schallwellen-Musikwerkstatt"},"content":{"rendered":"<p>[vc_row full_width=&#8221;stretch_row_content_no_spaces&#8221;][vc_column]<div class=\"vl-default-header vl-parallax \" style=\"background-image: url(http:\/\/2021.wellenklaenge.at\/wp-content\/uploads\/2021\/01\/schallwellen_03.jpg);\"><div class=\"container\"><div class=\"vl-default-header--content\"><div class=\"vl-text-left\"><h1 class=\"vl-default-header--title\" style=\"color:#111111;\"><\/h1><\/div><\/div><\/div><\/div>[vc_empty_space height=&#8221;50px&#8221;][\/vc_column][\/vc_row][vc_row el_class=&#8221;vl-text-justify&#8221; css=&#8221;.vc_custom_1485415717089{padding-top: 80px !important;padding-bottom: 40px !important;}&#8221;][vc_column width=&#8221;1\/4&#8243; css=&#8221;.vc_custom_1519215675502{padding-right: 20px !important;}&#8221;][vc_custom_heading text=&#8221;<strong>Schallwellen-Musikwerkstatt<\/strong><br \/>\n&#8221; font_container=&#8221;tag:h4|text_align:right|color:%235b8fb5&#8243; use_theme_fonts=&#8221;yes&#8221; css=&#8221;.vc_custom_1519387519200{padding-right: 20px !important;}&#8221;][vc_custom_heading text=&#8221;Contemporary Folk&#8221; font_container=&#8221;tag:h5|font_size:22|text_align:right|color:%235b8fb5&#8243; use_theme_fonts=&#8221;yes&#8221; css=&#8221;.vc_custom_1575824784931{padding-right: 20px !important;}&#8221;][vc_custom_heading text=&#8221;18.\u201424.07.21, G\u00f6stling an der Ybbs<br \/>\nBiobauernhof Lacken&#8221; font_container=&#8221;tag:h4|text_align:right|color:%235b8fb5&#8243; use_theme_fonts=&#8221;yes&#8221; css=&#8221;.vc_custom_1611954322284{padding-right: 20px !important;}&#8221;][vc_empty_space height=&#8221;12px&#8221;][\/vc_column][vc_column width=&#8221;1\/2&#8243; css=&#8221;.vc_custom_1519215862420{border-left-width: 1px !important;border-left-color: #e1e0e1 !important;border-left-style: solid !important;border-radius: 1px !important;}&#8221;][vc_row_inner][vc_column_inner css=&#8221;.vc_custom_1519215801432{padding-left: 40px !important;}&#8221;][vc_custom_heading text=&#8221;One thing is clear: this week the Lunzersee will be anything but still water&#8221; font_container=&#8221;tag:h5|font_size:22|text_align:left&#8221; use_theme_fonts=&#8221;yes&#8221;][vc_column_text css=&#8221;.vc_custom_1623169224405{margin-bottom: 0px !important;}&#8221;]<em>\u201eGria\u00df di auf da Lacken\u201d<\/em><br \/>\nMit Blick auf die umliegenden Berggipfel thront der Biobauernhof auf 740m Seeh\u00f6he. Seit vielen Generationen leben und arbeiten hier Menschen im Einklang mit ihren Tieren und der Natur. Familie Blamauer setzt diese Tradition fort, sch\u00f6pft aus dem Wissen unserer Vorfahren und l\u00e4sst neue Ideen einflie\u00dfen. Was f\u00fcr ein wunderbarer Ort, um unsere traditionelle Musik mit neuer Kreativit\u00e4t zu f\u00fcllen!<\/p>\n<p>Die Schallwellen-Musikwerkstatt bietet in naturnahem Ambiente M\u00f6glichkeit, \u00f6sterreichische und internationale Musiktraditionen kennenzulernen, sein eigenes Repertoire\u00a0 und technische F\u00e4higkeiten zu erweitern, zu lernen, wie man St\u00fccke in einer Kleingruppe arrangiert und eigene Melodien komponiert.<br \/>\nDieser Workshop richtet sich an Musikant*innen aller Instrumentengruppen, die ihr Instrument bereits beherrschen, neugierig sind auf alpine Volksmusik und internationalen Folk, auf Tanzen und Jodeln, auf Komponieren und Improvisieren.<\/p>\n<p>Es wird in inspirierender und ungezwungener Umgebung gesungen, getanzt, gejodelt, gefiedelt und gejammt. Unsere erf\u00fcllten Tage beenden wir gem\u00fctlich ums Lagerfeuer, wo die Glut niemals ausgeht und die Melodien in unseren K\u00f6pfen weiterspielen. Die Schallwellen-Musikwerkstatt ist eingebettet in das bunte Festivaltreiben der wellenkl\u00e6nge, Lunz am See, in dessen Rahmen auch am <strong>Fr, 23.07.21<\/strong> unser <strong>Abschlusskonzert<\/strong> auf der Seeb\u00fchne stattfinden wird!<span class=\"c-message__edited_label\" dir=\"ltr\" data-sk=\"tooltip_parent\">\u00a0<\/span><\/p>\n<p style=\"text-align: left;\"><strong>Julia Lacherstorfer (AT)<\/strong> &#8211; Geige, Jodeln, Ensemble,\u00a0Leitung &amp; Konzept<br \/>\n<span style=\"color: #5b8fb5;\"><a style=\"color: #5b8fb5;\" href=\"http:\/\/www.julialacherstorfer.at\" target=\"_blank\" rel=\"noopener\">www.julialacherstorfer.at<\/a><\/span><\/p>\n<p style=\"text-align: left;\"><strong>Johanna Kugler (AT)<\/strong> &#8211; Geige, Jodeln, Ensemble<br \/>\n<span style=\"color: #5b8fb5;\"><a style=\"color: #5b8fb5;\" href=\"http:\/\/www.tanzhausgeiger.tradmus.org\" target=\"_blank\" rel=\"noopener\">www.tanzhausgeiger.tradmus.org<\/a><\/span><\/p>\n<p style=\"text-align: left;\"><strong>Sophie Abraham (NL)<\/strong> &#8211; Cello, Ensemble<br \/>\n<span style=\"color: #5b8fb5;\"><a style=\"color: #5b8fb5;\" href=\"http:\/\/www.sophie-abraham.com\" target=\"_blank\" rel=\"noopener\">www.sophie-abraham.com<\/a><\/span><\/p>\n<p><strong>Michal Zak (PL)<\/strong> &#8211; Querfl\u00f6te, Klarinette, Schalmei<br \/>\n<a href=\"http:\/\/www.michalzak.pl\" target=\"_blank\" rel=\"noopener\"><span style=\"color: #5b8fb5;\">www.michalzak.pl<\/span><\/a><\/p>\n<p style=\"text-align: left;\">Leitung: Julia Lacherstorfer<\/p>\n<p style=\"text-align: left;\">In Zusammenarbeit mit der Musikfabrik N\u00d6!<\/p>\n<p>[\/vc_column_text][\/vc_column_inner][\/vc_row_inner][\/vc_column][vc_column width=&#8221;1\/4&#8243; el_id=&#8221;1112&#8243;][vc_custom_heading text=&#8221;Men\u00fc&#8221; font_container=&#8221;tag:h2|font_size:12|text_align:right&#8221; use_theme_fonts=&#8221;yes&#8221;][vc_wp_custommenu nav_menu=&#8221;166&#8243;][vc_empty_space][vc_btn title=&#8221;HIER ANMELDEN&#8221; style=&#8221;custom&#8221; custom_background=&#8221;#5b8fb5&#8243; custom_text=&#8221;#ffffff&#8221; shape=&#8221;square&#8221; align=&#8221;right&#8221; css_animation=&#8221;fadeInRight&#8221; link=&#8221;url:http%3A%2F%2Fwww.wellenklaenge.at%2Fschallwellen-musikwerkstatt-anmeldung%2F|||&#8221;][\/vc_column][\/vc_row][vc_row full_width=&#8221;stretch_row_content_no_spaces&#8221; parallax=&#8221;content-moving-fade&#8221; parallax_speed_bg=&#8221;21.5&#8243;][vc_column]<div class=\"vl-default-header vl-parallax \" style=\"background-image: url(http:\/\/2021.wellenklaenge.at\/wp-content\/uploads\/2021\/01\/schallwellen_02-1.jpg);\"><div class=\"container\"><div class=\"vl-default-header--content\"><div class=\"vl-text-left\"><h1 class=\"vl-default-header--title\" style=\"color:#111111;\"><\/h1><\/div><\/div><\/div><\/div>[vc_empty_space height=&#8221;50px&#8221;][\/vc_column][\/vc_row][vc_row disable_element=&#8221;yes&#8221; el_class=&#8221;vl-text-justify&#8221; css=&#8221;.vc_custom_1574615640718{padding-top: 20px !important;padding-bottom: 40px !important;}&#8221;][vc_column width=&#8221;1\/4&#8243;][vc_custom_heading text=&#8221;<strong>Konzerte<\/strong>&#8221; font_container=&#8221;tag:h4|text_align:right|color:%235b8fb5&#8243; use_theme_fonts=&#8221;yes&#8221; css=&#8221;.vc_custom_1519216503482{padding-right: 20px !important;}&#8221;][\/vc_column][vc_column width=&#8221;1\/2&#8243; css=&#8221;.vc_custom_1519215941688{border-left-width: 1px !important;border-left-color: #e1e0e1 !important;border-left-style: solid !important;border-radius: 1px !important;}&#8221;][vc_row_inner][vc_column_inner css=&#8221;.vc_custom_1519215938872{padding-left: 40px !important;}&#8221;][vc_column_text css=&#8221;.vc_custom_1552042213612{margin-bottom: 0px !important;}&#8221;]<\/p>\n<p style=\"text-align: left;\"><span style=\"color: #000000;\"><strong>Di, 16.07:<\/strong> M\u00e4rchenwanderung mit <span style=\"color: #5b8eb4;\"><a style=\"color: #5b8eb4;\" href=\"https:\/\/www.wellenklaenge.at\/kuenstlerinnen-2019\/helmut-wittmann\/\">Helmut Wittmann (AT)<\/a><\/span><\/span><\/p>\n<p style=\"text-align: left;\"><span style=\"color: #000000;\"><strong>Do, 18.07:<\/strong> ART OF SOLO |<span style=\"color: #5b8eb4;\"> <a style=\"color: #5b8eb4;\" href=\"https:\/\/www.wellenklaenge.at\/kuenstlerinnen-2019\/davidsix\/\">David Six (AT)<\/a> &amp; <a style=\"color: #5b8eb4;\" href=\"https:\/\/www.wellenklaenge.at\/kuenstlerinnen-2019\/zsofiaboros\/\">Zs\u00f3fia Bros (HU)<\/a><\/span><br \/>\n<\/span><\/p>\n<p style=\"text-align: left;\"><span style=\"color: #000000;\"><strong>Fr, 19.07:<\/strong> Hausball | <span style=\"color: #5b8eb4;\"><a style=\"color: #5b8eb4;\" href=\"https:\/\/www.wellenklaenge.at\/kuenstlerinnen-2019\/hotel-palindrone\/\">Hotel Palindrone (AT)<\/a><\/span>\u00a0und Abschlusspr\u00e4sentation der Schallwellen-Musikwerkstatt im Rothschild-Pavillon in der Langau<\/span><\/p>\n<p>[\/vc_column_text][\/vc_column_inner][\/vc_row_inner][\/vc_column][vc_column width=&#8221;1\/4&#8243;][\/vc_column][\/vc_row][vc_row el_class=&#8221;vl-text-justify&#8221; css=&#8221;.vc_custom_1519215466730{padding-top: 20px !important;padding-bottom: 40px !important;}&#8221;][vc_column width=&#8221;1\/4&#8243;][vc_custom_heading text=&#8221;<strong>Unterricht<\/strong>&#8221; font_container=&#8221;tag:h4|text_align:right|color:%235b8fb5&#8243; use_theme_fonts=&#8221;yes&#8221; css=&#8221;.vc_custom_1519304229414{padding-right: 20px !important;}&#8221;][\/vc_column][vc_column width=&#8221;1\/2&#8243; css=&#8221;.vc_custom_1519215941688{border-left-width: 1px !important;border-left-color: #e1e0e1 !important;border-left-style: solid !important;border-radius: 1px !important;}&#8221;][vc_row_inner][vc_column_inner css=&#8221;.vc_custom_1519215938872{padding-left: 40px !important;}&#8221;][vc_column_text css=&#8221;.vc_custom_1612207683017{margin-bottom: 0px !important;}&#8221;]<\/p>\n<p style=\"text-align: left;\">When registering, you can divide yourself into one of 4 groups:<\/p>\n<p style=\"text-align: left;\"><strong> 1 Basic <\/strong> = I master my instrument well, but need several repetitions to memorize melodies!<\/p>\n<p style=\"text-align: left;\"><strong> 2 Advanced <\/strong> = I master my instrument very well and can remember melodies without notes very quickly!<\/p>\n<p style=\"text-align: left;\"><strong> 3 Ensemble <\/strong> = I play an accompanying instrument such as B. guitar, double bass, accordion or any other instrument on which I would like to learn to play accompaniment or to learn suitable countervotes! In this group we learn how, as a rhythm group, we can make the melodies we have learned sound the best! Also suitable if I don&#8217;t want to memorize so many long and complicated melodies!<\/p>\n<p><strong> 4 Cello <\/strong> = I play the cello and would like to be taught together with the other cellos.<\/p>\n<p>The lessons take place in a rotation principle! The aim of the workshop is that all participants have learned the same repertoire at the end and that everyone can make music together as a \u201csound wave orchestra\u201d! The group division helps us to optimally adapt the lesson speeds to you.<br \/>\nYou will stay together in the group and have a different speaker every hour![\/vc_column_text][\/vc_column_inner][\/vc_row_inner][\/vc_column][vc_column width=&#8221;1\/4&#8243;][\/vc_column][\/vc_row][vc_row][vc_column][vc_empty_space height=&#8221;50px&#8221;][\/vc_column][\/vc_row]<\/p>","protected":false},"excerpt":{"rendered":"<p>[vc_row full_width=&#8221;stretch_row_content_no_spaces&#8221;][vc_column][vc_empty_space height=&#8221;50px&#8221;][\/vc_column][\/vc_row][vc_row el_class=&#8221;vl-text-justify&#8221; css=&#8221;.vc_custom_1485415717089{padding-top: 80px !important;padding-bottom: 40px !important;}&#8221;][vc_column width=&#8221;1\/4&#8243; css=&#8221;.vc_custom_1519215675502{padding-right: 20px !important;}&#8221;][vc_custom_heading text=&#8221;Schallwellen-Musikwerkstatt &#8221; font_container=&#8221;tag:h4|text_align:right|color:%235b8fb5&#8243; use_theme_fonts=&#8221;yes&#8221; css=&#8221;.vc_custom_1519387519200{padding-right: 20px !important;}&#8221;][vc_custom_heading text=&#8221;Contemporary Folk&#8221; font_container=&#8221;tag:h5|font_size:22|text_align:right|color:%235b8fb5&#8243; use_theme_fonts=&#8221;yes&#8221; css=&#8221;.vc_custom_1575824784931{padding-right: 20px !important;}&#8221;][vc_custom_heading text=&#8221;18.\u201424.07.21, G\u00f6stling an der Ybbs Biobauernhof Lacken&#8221; font_container=&#8221;tag:h4|text_align:right|color:%235b8fb5&#8243; use_theme_fonts=&#8221;yes&#8221; css=&#8221;.vc_custom_1611954322284{padding-right: 20px !important;}&#8221;][vc_empty_space height=&#8221;12px&#8221;][\/vc_column][vc_column width=&#8221;1\/2&#8243; css=&#8221;.vc_custom_1519215862420{border-left-width: 1px !important;border-left-color: #e1e0e1 !important;border-left-style: solid !important;border-radius: 1px !important;}&#8221;][vc_row_inner][vc_column_inner css=&#8221;.vc_custom_1519215801432{padding-left: 40px !important;}&#8221;][vc_custom_heading text=&#8221;One thing is clear: this week the &#8230;<\/p>\n","protected":false},"author":1,"featured_media":0,"parent":0,"menu_order":4,"comment_status":"closed","ping_status":"closed","template":"template-custom-page.php","meta":[],"_links":{"self":[{"href":"http:\/\/2021.wellenklaenge.at\/en\/wp-json\/wp\/v2\/pages\/3192"}],"collection":[{"href":"http:\/\/2021.wellenklaenge.at\/en\/wp-json\/wp\/v2\/pages"}],"about":[{"href":"http:\/\/2021.wellenklaenge.at\/en\/wp-json\/wp\/v2\/types\/page"}],"author":[{"embeddable":true,"href":"http:\/\/2021.wellenklaenge.at\/en\/wp-json\/wp\/v2\/users\/1"}],"replies":[{"embeddable":true,"href":"http:\/\/2021.wellenklaenge.at\/en\/wp-json\/wp\/v2\/comments?post=3192"}],"version-history":[{"count":96,"href":"http:\/\/2021.wellenklaenge.at\/en\/wp-json\/wp\/v2\/pages\/3192\/revisions"}],"predecessor-version":[{"id":10460,"href":"http:\/\/2021.wellenklaenge.at\/en\/wp-json\/wp\/v2\/pages\/3192\/revisions\/10460"}],"wp:attachment":[{"href":"http:\/\/2021.wellenklaenge.at\/en\/wp-json\/wp\/v2\/media?parent=3192"}],"curies":[{"name":"wp","href":"https:\/\/api.w.org\/{rel}","templated":true}]}}

<p>[vc_row full_width=&#8221;stretch_row_content_no_spaces&#8221;][vc_column]<div class="vl-default-header vl-parallax " style="background-image: url(http://2021.wellenklaenge.at/wp-content/uploads/2021/01/schallwellen_03.jpg);"><div class="container"><div class="vl-default-header--content"><div class="vl-text-left"><h1 class="vl-default-header--title" style="color:#111111;"></h1></div></div></div></div>[vc_empty_space height=&#8221;50px&#8221;][/vc_column][/vc_row][vc_row el_class=&#8221;vl-text-justify&#8221; css=&#8221;.vc_custom_1485415717089{padding-top: 80px !important;padding-bottom: 40px !important;}&#8221;][vc_column width=&#8221;1/4&#8243; css=&#8221;.vc_custom_1519215675502{padding-right: 20px !important;}&#8221;][vc_custom_heading text=&#8221;<strong>Schallwellen-Musikwerkstatt</strong><br />
&#8221; font_container=&#8221;tag:h4|text_align:right|color:%235b8fb5&#8243; use_theme_fonts=&#8221;yes&#8221; css=&#8221;.vc_custom_1519387519200{padding-right: 20px !important;}&#8221;][vc_custom_heading text=&#8221;Contemporary Folk&#8221; font_container=&#8221;tag:h5|font_size:22|text_align:right|color:%235b8fb5&#8243; use_theme_fonts=&#8221;yes&#8221; css=&#8221;.vc_custom_1575824784931{padding-right: 20px !important;}&#8221;][vc_custom_heading text=&#8221;18.—24.07.21, Göstling an der Ybbs<br />
Biobauernhof Lacken&#8221; font_container=&#8221;tag:h4|text_align:right|color:%235b8fb5&#8243; use_theme_fonts=&#8221;yes&#8221; css=&#8221;.vc_custom_1611954322284{padding-right: 20px !important;}&#8221;][vc_empty_space height=&#8221;12px&#8221;][/vc_column][vc_column width=&#8221;1/2&#8243; css=&#8221;.vc_custom_1519215862420{border-left-width: 1px !important;border-left-color: #e1e0e1 !important;border-left-style: solid !important;border-radius: 1px !important;}&#8221;][vc_row_inner][vc_column_inner css=&#8221;.vc_custom_1519215801432{padding-left: 40px !important;}&#8221;][vc_custom_heading text=&#8221;One thing is clear: this week the Lunzersee will be anything but still water&#8221; font_container=&#8221;tag:h5|font_size:22|text_align:left&#8221; use_theme_fonts=&#8221;yes&#8221;][vc_column_text css=&#8221;.vc_custom_1623169224405{margin-bottom: 0px !important;}&#8221;]<em>„Griaß di auf da Lacken”</em><br />
Mit Blick auf die umliegenden Berggipfel thront der Biobauernhof auf 740m Seehöhe. Seit vielen Generationen leben und arbeiten hier Menschen im Einklang mit ihren Tieren und der Natur. Familie Blamauer setzt diese Tradition fort, schöpft aus dem Wissen unserer Vorfahren und lässt neue Ideen einfließen. Was für ein wunderbarer Ort, um unsere traditionelle Musik mit neuer Kreativität zu füllen!</p>
<p>Die Schallwellen-Musikwerkstatt bietet in naturnahem Ambiente Möglichkeit, österreichische und internationale Musiktraditionen kennenzulernen, sein eigenes Repertoire  und technische Fähigkeiten zu erweitern, zu lernen, wie man Stücke in einer Kleingruppe arrangiert und eigene Melodien komponiert.<br />
Dieser Workshop richtet sich an Musikant*innen aller Instrumentengruppen, die ihr Instrument bereits beherrschen, neugierig sind auf alpine Volksmusik und internationalen Folk, auf Tanzen und Jodeln, auf Komponieren und Improvisieren.</p>
<p>Es wird in inspirierender und ungezwungener Umgebung gesungen, getanzt, gejodelt, gefiedelt und gejammt. Unsere erfüllten Tage beenden wir gemütlich ums Lagerfeuer, wo die Glut niemals ausgeht und die Melodien in unseren Köpfen weiterspielen. Die Schallwellen-Musikwerkstatt ist eingebettet in das bunte Festivaltreiben der wellenklænge, Lunz am See, in dessen Rahmen auch am <strong>Fr, 23.07.21</strong> unser <strong>Abschlusskonzert</strong> auf der Seebühne stattfinden wird!<span class="c-message__edited_label" dir="ltr" data-sk="tooltip_parent"> </span></p>
<p style="text-align: left;"><strong>Julia Lacherstorfer (AT)</strong> &#8211; Geige, Jodeln, Ensemble, Leitung &amp; Konzept<br />
<span style="color: #5b8fb5;"><a style="color: #5b8fb5;" href="http://www.julialacherstorfer.at" target="_blank" rel="noopener">www.julialacherstorfer.at</a></span></p>
<p style="text-align: left;"><strong>Johanna Kugler (AT)</strong> &#8211; Geige, Jodeln, Ensemble<br />
<span style="color: #5b8fb5;"><a style="color: #5b8fb5;" href="http://www.tanzhausgeiger.tradmus.org" target="_blank" rel="noopener">www.tanzhausgeiger.tradmus.org</a></span></p>
<p style="text-align: left;"><strong>Sophie Abraham (NL)</strong> &#8211; Cello, Ensemble<br />
<span style="color: #5b8fb5;"><a style="color: #5b8fb5;" href="http://www.sophie-abraham.com" target="_blank" rel="noopener">www.sophie-abraham.com</a></span></p>
<p><strong>Michal Zak (PL)</strong> &#8211; Querflöte, Klarinette, Schalmei<br />
<a href="http://www.michalzak.pl" target="_blank" rel="noopener"><span style="color: #5b8fb5;">www.michalzak.pl</span></a></p>
<p style="text-align: left;">Leitung: Julia Lacherstorfer</p>
<p style="text-align: left;">In Zusammenarbeit mit der Musikfabrik NÖ!</p>
<p>[/vc_column_text][/vc_column_inner][/vc_row_inner][/vc_column][vc_column width=&#8221;1/4&#8243; el_id=&#8221;1112&#8243;][vc_custom_heading text=&#8221;Menü&#8221; font_container=&#8221;tag:h2|font_size:12|text_align:right&#8221; use_theme_fonts=&#8221;yes&#8221;][vc_wp_custommenu nav_menu=&#8221;166&#8243;][vc_empty_space][vc_btn title=&#8221;HIER ANMELDEN&#8221; style=&#8221;custom&#8221; custom_background=&#8221;#5b8fb5&#8243; custom_text=&#8221;#ffffff&#8221; shape=&#8221;square&#8221; align=&#8221;right&#8221; css_animation=&#8221;fadeInRight&#8221; link=&#8221;url:http%3A%2F%2Fwww.wellenklaenge.at%2Fschallwellen-musikwerkstatt-anmeldung%2F|||&#8221;][/vc_column][/vc_row][vc_row full_width=&#8221;stretch_row_content_no_spaces&#8221; parallax=&#8221;content-moving-fade&#8221; parallax_speed_bg=&#8221;21.5&#8243;][vc_column]<div class="vl-default-header vl-parallax " style="background-image: url(http://2021.wellenklaenge.at/wp-content/uploads/2021/01/schallwellen_02-1.jpg);"><div class="container"><div class="vl-default-header--content"><div class="vl-text-left"><h1 class="vl-default-header--title" style="color:#111111;"></h1></div></div></div></div>[vc_empty_space height=&#8221;50px&#8221;][/vc_column][/vc_row][vc_row disable_element=&#8221;yes&#8221; el_class=&#8221;vl-text-justify&#8221; css=&#8221;.vc_custom_1574615640718{padding-top: 20px !important;padding-bottom: 40px !important;}&#8221;][vc_column width=&#8221;1/4&#8243;][vc_custom_heading text=&#8221;<strong>Konzerte</strong>&#8221; font_container=&#8221;tag:h4|text_align:right|color:%235b8fb5&#8243; use_theme_fonts=&#8221;yes&#8221; css=&#8221;.vc_custom_1519216503482{padding-right: 20px !important;}&#8221;][/vc_column][vc_column width=&#8221;1/2&#8243; css=&#8221;.vc_custom_1519215941688{border-left-width: 1px !important;border-left-color: #e1e0e1 !important;border-left-style: solid !important;border-radius: 1px !important;}&#8221;][vc_row_inner][vc_column_inner css=&#8221;.vc_custom_1519215938872{padding-left: 40px !important;}&#8221;][vc_column_text css=&#8221;.vc_custom_1552042213612{margin-bottom: 0px !important;}&#8221;]</p>
<p style="text-align: left;"><span style="color: #000000;"><strong>Di, 16.07:</strong> Märchenwanderung mit <span style="color: #5b8eb4;"><a style="color: #5b8eb4;" href="https://www.wellenklaenge.at/kuenstlerinnen-2019/helmut-wittmann/">Helmut Wittmann (AT)</a></span></span></p>
<p style="text-align: left;"><span style="color: #000000;"><strong>Do, 18.07:</strong> ART OF SOLO |<span style="color: #5b8eb4;"> <a style="color: #5b8eb4;" href="https://www.wellenklaenge.at/kuenstlerinnen-2019/davidsix/">David Six (AT)</a> &amp; <a style="color: #5b8eb4;" href="https://www.wellenklaenge.at/kuenstlerinnen-2019/zsofiaboros/">Zsófia Bros (HU)</a></span><br />
</span></p>
<p style="text-align: left;"><span style="color: #000000;"><strong>Fr, 19.07:</strong> Hausball | <span style="color: #5b8eb4;"><a style="color: #5b8eb4;" href="https://www.wellenklaenge.at/kuenstlerinnen-2019/hotel-palindrone/">Hotel Palindrone (AT)</a></span> und Abschlusspräsentation der Schallwellen-Musikwerkstatt im Rothschild-Pavillon in der Langau</span></p>
<p>[/vc_column_text][/vc_column_inner][/vc_row_inner][/vc_column][vc_column width=&#8221;1/4&#8243;][/vc_column][/vc_row][vc_row el_class=&#8221;vl-text-justify&#8221; css=&#8221;.vc_custom_1519215466730{padding-top: 20px !important;padding-bottom: 40px !important;}&#8221;][vc_column width=&#8221;1/4&#8243;][vc_custom_heading text=&#8221;<strong>Unterricht</strong>&#8221; font_container=&#8221;tag:h4|text_align:right|color:%235b8fb5&#8243; use_theme_fonts=&#8221;yes&#8221; css=&#8221;.vc_custom_1519304229414{padding-right: 20px !important;}&#8221;][/vc_column][vc_column width=&#8221;1/2&#8243; css=&#8221;.vc_custom_1519215941688{border-left-width: 1px !important;border-left-color: #e1e0e1 !important;border-left-style: solid !important;border-radius: 1px !important;}&#8221;][vc_row_inner][vc_column_inner css=&#8221;.vc_custom_1519215938872{padding-left: 40px !important;}&#8221;][vc_column_text css=&#8221;.vc_custom_1612207683017{margin-bottom: 0px !important;}&#8221;]</p>
<p style="text-align: left;">When registering, you can divide yourself into one of 4 groups:</p>
<p style="text-align: left;"><strong> 1 Basic </strong> = I master my instrument well, but need several repetitions to memorize melodies!</p>
<p style="text-align: left;"><strong> 2 Advanced </strong> = I master my instrument very well and can remember melodies without notes very quickly!</p>
<p style="text-align: left;"><strong> 3 Ensemble </strong> = I play an accompanying instrument such as B. guitar, double bass, accordion or any other instrument on which I would like to learn to play accompaniment or to learn suitable countervotes! In this group we learn how, as a rhythm group, we can make the melodies we have learned sound the best! Also suitable if I don&#8217;t want to memorize so many long and complicated melodies!</p>
<p><strong> 4 Cello </strong> = I play the cello and would like to be taught together with the other cellos.</p>
<p>The lessons take place in a rotation principle! The aim of the workshop is that all participants have learned the same repertoire at the end and that everyone can make music together as a “sound wave orchestra”! The group division helps us to optimally adapt the lesson speeds to you.<br />
You will stay together in the group and have a different speaker every hour![/vc_column_text][/vc_column_inner][/vc_row_inner][/vc_column][vc_column width=&#8221;1/4&#8243;][/vc_column][/vc_row][vc_row][vc_column][vc_empty_space height=&#8221;50px&#8221;][/vc_column][/vc_row]</p>

<p>[vc_row full_width=&#8221;stretch_row_content_no_spaces&#8221;][vc_column][vc_empty_space height=&#8221;50px&#8221;][/vc_column][/vc_row][vc_row el_class=&#8221;vl-text-justify&#8221; css=&#8221;.vc_custom_1485415717089{padding-top: 80px !important;padding-bottom: 40px !important;}&#8221;][vc_column width=&#8221;1/4&#8243; css=&#8221;.vc_custom_1519215675502{padding-right: 20px !important;}&#8221;][vc_custom_heading text=&#8221;Schallwellen-Musikwerkstatt &#8221; font_container=&#8221;tag:h4|text_align:right|color:%235b8fb5&#8243; use_theme_fonts=&#8221;yes&#8221; css=&#8221;.vc_custom_1519387519200{padding-right: 20px !important;}&#8221;][vc_custom_heading text=&#8221;Contemporary Folk&#8221; font_container=&#8221;tag:h5|font_size:22|text_align:right|color:%235b8fb5&#8243; use_theme_fonts=&#8221;yes&#8221; css=&#8221;.vc_custom_1575824784931{padding-right: 20px !important;}&#8221;][vc_custom_heading text=&#8221;18.—24.07.21, Göstling an der Ybbs Biobauernhof Lacken&#8221; font_container=&#8221;tag:h4|text_align:right|color:%235b8fb5&#8243; use_theme_fonts=&#8221;yes&#8221; css=&#8221;.vc_custom_1611954322284{padding-right: 20px !important;}&#8221;][vc_empty_space height=&#8221;12px&#8221;][/vc_column][vc_column width=&#8221;1/2&#8243; css=&#8221;.vc_custom_1519215862420{border-left-width: 1px !important;border-left-color: #e1e0e1 !important;border-left-style: solid !important;border-radius: 1px !important;}&#8221;][vc_row_inner][vc_column_inner css=&#8221;.vc_custom_1519215801432{padding-left: 40px !important;}&#8221;][vc_custom_heading text=&#8221;One thing is clear: this week the &#8230;</p>
